{"id":131,"date":"2025-12-29T10:48:29","date_gmt":"2025-12-29T10:48:29","guid":{"rendered":"https:\/\/advokatur-graf.ch\/?page_id=131"},"modified":"2025-12-29T16:45:13","modified_gmt":"2025-12-29T16:45:13","slug":"datenschutzerklaerung","status":"publish","type":"page","link":"https:\/\/advokatur-graf.ch\/?page_id=131","title":{"rendered":"Datenschutzerkl\u00e4rung"},"content":{"rendered":"\n<div class=\"wp-block-group alignfull has-global-padding is-layout-constrained wp-container-core-group-is-layout-0323a4a3 wp-block-group-is-layout-constrained\" style=\"margin-top:var(--wp--preset--spacing--30);margin-bottom:var(--wp--preset--spacing--30)\">\n<div class=\"wp-block-group alignwide is-layout-flow wp-container-core-group-is-layout-19880c22 wp-block-group-is-layout-flow\" style=\"margin-top:0;margin-bottom:0;padding-top:var(--wp--preset--spacing--30);padding-right:var(--wp--preset--spacing--70);padding-bottom:var(--wp--preset--spacing--30);padding-left:var(--wp--preset--spacing--70)\">\n<h2 class=\"wp-block-heading has-x-large-font-size\" style=\"margin-top:0;margin-bottom:0;padding-top:var(--wp--preset--spacing--20);padding-bottom:var(--wp--preset--spacing--20)\">Datenschutzerkl\u00e4rung<\/h2>\n\n\n\n<div style=\"height:20px\" aria-hidden=\"true\" class=\"wp-block-spacer\"><\/div>\n\n\n\n<p>1. &nbsp; &nbsp; &nbsp; Allgemeines<\/p>\n\n\n\n<hr class=\"wp-block-separator has-alpha-channel-opacity\"\/>\n\n\n\n<p>Mit den nachfolgenden Ausf\u00fchrungen zur Datenschutzerkl\u00e4rung werden im Sinne von Art. 19 und 20 des Bundesgesetzes \u00fcber den Datenschutz (DSG) vom 25. September 2020 betroffene Personen und potenziell betroffene Personen \u00fcber die Bearbeitung von Personendaten (namentlich auch \u00fcber die Beschaffung von Personendaten) durch die einfache Gesellschaft <strong>Advokatur Graf<\/strong> informiert.<\/p>\n\n\n\n<p>In die Datenschutzerkl\u00e4rung ist keine Einwilligung notwendig von Seiten betroffener Personen und potenziell betroffener Personen, d.h. von Seiten der Klientschaft, deren Mitarbeitenden oder anderen Kontaktpersonen, von Seiten von Personen, die Anfragen stellen, oder von Seiten von Nutzerinnen und Nutzern der Website advokatur-graf.ch. Es handelt sich bei der Datenschutzerkl\u00e4rung lediglich um die einseitige Information \u00fcber Art, Umfang und Zweck der Nutzung von Personendaten.<\/p>\n\n\n\n<p>Die Advokatur Graf beh\u00e4lt sich das Recht vor, den Inhalt der vorliegenden Datenschutzerkl\u00e4rung jederzeit und ohne Ank\u00fcndigung einseitig zu \u00e4ndern. Es wird daher empfohlen, die Datenschutzerkl\u00e4rung regelm\u00e4ssig auf der Website advokatur-graf.ch zu konsultieren.<\/p>\n\n\n\n<div style=\"height:20px\" aria-hidden=\"true\" class=\"wp-block-spacer\"><\/div>\n\n\n\n<p>2. &nbsp; &nbsp; &nbsp; Bearbeitung von Personendaten von Klientinnen und Klienten<\/p>\n\n\n\n<hr class=\"wp-block-separator has-alpha-channel-opacity\"\/>\n\n\n\n<p>Die Advokatur Graf bearbeitet Personendaten (Daten, die nat\u00fcrliche Personen direkt oder indirekt identifizieren), welche die Advokatur Graf im Rahmen der Mandatsbeziehung, d.h. von Auftr\u00e4gen im Beratungs- und Anwaltsbereich von Klientinnen bzw. Klienten oder beteiligten Dritten erh\u00e4lt oder selbst erhebt. Verantwortlich f\u00fcr die in dieser Datenschutzerkl\u00e4rung beschriebene Bearbeitung von Personendaten ist lic. iur. Cora Graf-Gaiser, Rechtsanw\u00e4ltin, Burgergasse 23, 3400 Burgdorf.<\/p>\n\n\n\n<p>Einige dieser Personendaten \u00fcberlassen die betroffenen Personen der Advokatur Graf selber, wenn diese die Advokatur Graf \u00fcber E-Mail, Brief oder per Telefon kontaktieren und Dienstleistungen nachfragen. Dazu geh\u00f6ren z.B. Name und Kontaktdaten sowie Informationen \u00fcber die Rolle der betroffenen Person beim Unternehmen oder bei der Organisation, f\u00fcr welche die jeweiligen Kontaktpersonen t\u00e4tig sind oder in deren Namen diese die Advokatur Graf kontaktieren. Die Advokatur Graf bearbeitet zudem Personendaten, die sie in der Korrespondenz mit Dritten (namentlich Klientschaft bzw. Auftraggeberinnen und Auftraggeber, Gegenparteien, Beh\u00f6rden und Gerichten und deren Mitarbeitenden oder weiteren Kontaktpersonen) im Rahmen des Mandatsverh\u00e4ltnisses erh\u00e4lt (z.B. Name, Kontaktdaten, Geburtsdatum, Angaben zum Arbeitsverh\u00e4ltnis, zur Einkommenssituation, zu Familienverh\u00e4ltnissen, zum Gesundheitszustand, zu laufenden Straf-, Zivil- und Verwaltungsverfahren). Zudem erhebt die Advokatur Graf einige Personendaten selbst, z.B. aus \u00f6ffentlichen Registern oder auf Websites.<\/p>\n\n\n\n<p>Die erw\u00e4hnten Arten von Personendaten bearbeitet die Advokatur Graf prim\u00e4r, um Rechtsdienstleistungen (z.B. Rechtsgutachten, Rechtsschriften) zu erbringen, zu dokumentieren und abzurechnen.<\/p>\n\n\n\n<p>Zur Erreichung der in dieser Datenschutzerkl\u00e4rung beschriebenen Zwecke kann es notwendig sein, dass die Advokatur Graf die Personendaten an folgende Kategorien von Empf\u00e4ngern weitergibt: Externe Dienstleister, Klientschaft, Gegenparteien und ihre Rechtsvertretungen, Gesch\u00e4ftspartner, mit denen die Rechtsdienstleistungserbringung allenfalls koordiniert werden muss, Rechtsschutzversicherungen sowie Beh\u00f6rden und Gerichte. Welche Personendaten die Advokatur Graf im Rahmen anwaltlicher Dienstleistungen den entscheidenden Beh\u00f6rden und Gerichten preisgibt, liegt nach der bundesgerichtlichen Rechtsprechung im Ermessen der handelnden Rechtsanw\u00e4ltin.<\/p>\n\n\n\n<p>Alle Personen- bzw. Klientendaten werden auf der Cloud-L\u00f6sung von Microsoft bearbeitet, welche auf Servern mit Standorten in der Schweiz betrieben wird. Die Advokatur Graf kann die Personendaten aber an Empf\u00e4ngerinnen (namentlich Klientschaft, Gegenparteien oder Beh\u00f6rden) \u00fcbermitteln, die ihrerseits die Personendaten in anderen L\u00e4ndern bearbeiten, einschliesslich solcher, die kein mit Schweizer Recht vergleichbares Datenschutzniveau gew\u00e4hrleisten. Letzteres wird die Advokatur Graf basierend auf einer Einwilligung oder Standardvertragsklauseln tun, oder wenn es zur Erf\u00fcllung eines Vertrags oder zur Durchsetzung von Rechtsanspr\u00fcchen notwendig ist.<\/p>\n\n\n\n<p>Die Advokatur Graf bewahrt die Personendaten nur so lange auf (speichern, archivieren), wie dies zur Abwicklung des Mandatsverh\u00e4ltnisses notwendig ist, eine gesetzliche Aufbewahrungs- und Dokumentationspflicht besteht oder die Advokatur Graf daran ein \u00fcberwiegendes privates oder \u00f6ffentliches Interesse hat (beispielsweise die Abwehr von Haftungsanspr\u00fcchen bis zur absoluten Verj\u00e4hrung). Die Advokatur Graf trifft verh\u00e4ltnism\u00e4ssige und zumutbare Vorkehrungen zum Schutz von Personendaten vor Verlust, unberechtigter Ver\u00e4nderung oder unbefugten Zugriffen Dritter. Wenn Klientinnen bzw. Klienten die Advokatur Graf \u00fcber eine dritte Partei (z.B. \u00fcber ihre Mitarbeitenden oder anderen Kontaktpersonen) Personendaten liefern, ist es an der Klientin bzw. am Klienten, diese in allgemeiner Weise \u00fcber die Bearbeitung durch Rechtsdienstleister (wie die Advokatur Graf) oder andere externe Dienstleister zu informieren (z.B. in einer Datenschutzerkl\u00e4rung f\u00fcr Mitarbeitende).&nbsp;<\/p>\n\n\n\n<p>Die Advokatur Graf weist darauf hin, dass sie im Rahmen der Mandatsf\u00fchrung auf externe IT-Dienstleister und Cloud-Provider mit Servern in der Schweiz zur\u00fcckgreift. Die Advokatur Graf setzt sodann bestimmte IT-Dienstleistungen sowie Kommunikationsmittel ein, welche mit Datensicherheitsrisiken verbunden sein k\u00f6nnen (z.B. E-Mail, Videokonferenzen). Es obliegt der Klientschaft, die Advokatur Graf \u00fcber den Wunsch nach besonderen Sicherheitsmassnahmen zu orientieren.<\/p>\n\n\n\n<p>Die Advokatur Graf hat im Rahmen der Erf\u00fcllung des Auftrags der Klientin bzw. des Klienten ein \u00fcberwiegendes privates Interesse an der Bearbeitung von Personendaten, welches diese Bearbeitung rechtfertigt (Art. 31 Abs. 2 Bst. a DSG). Einige Bearbeitungen sind zudem notwendig, damit die Advokatur Graf ihre vertraglichen Pflichten gegen\u00fcber der Klientschaft oder ihre gesetzlichen Pflichten (z.B. Aufbewahrungspflicht) erf\u00fcllen kann.<\/p>\n\n\n\n<div style=\"height:20px\" aria-hidden=\"true\" class=\"wp-block-spacer\"><\/div>\n\n\n\n<p>3. &nbsp; &nbsp; &nbsp; Bearbeitung von Personendaten bei Anfragen<\/p>\n\n\n\n<hr class=\"wp-block-separator has-alpha-channel-opacity\"\/>\n\n\n\n<p>3.1.&nbsp; &nbsp; &nbsp; &nbsp; &nbsp; &nbsp; &nbsp; Allgemein<\/p>\n\n\n\n<p>Bei Anfragen an die Advokatur Graf allgemeiner Art oder bez\u00fcglich der Ausf\u00fchrung von Auftr\u00e4gen oder der \u00dcbernahme von anwaltlichen Mandaten finden auf die Bearbeitung von Personendaten die Grunds\u00e4tze der Bearbeitung von Personendaten von Klientinnen und Klienten (vgl. oben Ziff. 2) Anwendung, auch wenn kein Vertrags- bzw. Mandatsverh\u00e4ltnis zustande kommt.<\/p>\n\n\n\n<p>3.2.&nbsp; &nbsp; &nbsp; &nbsp; &nbsp; &nbsp; &nbsp; E-Mail-Verkehr<\/p>\n\n\n\n<p>E-Mail ist kein sicheres Kommunikationsmittel; der E-Mail-Verkehr gen\u00fcgt den Anspr\u00fcchen an die Kommunikation besonders sch\u00fctzenswerter Personendaten bzw. an die Kommunikation unter dem Anwaltsgeheimnis nicht. Wer mit der Advokatur Graf per E-Mail kommuniziert, tut dies auf eigene Verantwortung.<\/p>\n\n\n\n<p>Die Advokatur Graf geht davon aus, dass Personen, die per E-Mail-Verkehr mit der Advokatur Graf kommunizieren, mit dieser Kommunikationsart einverstanden sind und damit in die Verwendung von E-Mails durch die Advokatur Graf zur Beantwortung der Anfragen einwilligen.<\/p>\n\n\n\n<p>Alle E-Mails an die Advokatur Graf werden via Datenzentren von METANET AG bearbeitet, die auf Servern mit Standorten in der Schweiz betrieben werden.<\/p>\n\n\n\n<div style=\"height:20px\" aria-hidden=\"true\" class=\"wp-block-spacer\"><\/div>\n\n\n\n<p>4. &nbsp; &nbsp; &nbsp; Website<\/p>\n\n\n\n<hr class=\"wp-block-separator has-alpha-channel-opacity\"\/>\n\n\n\n<p>Es werden nur jene Cookies verwendet, die zum Betrieb der Website unabdingbar sind (technisch notwendige Cookies). Ansonsten verwendet die Website keine Cookies und keine Analyse-Tools. Die IP-Adresse von Besucherinnen bzw. Besuchern der Website wird nicht bearbeitet und insbesondere nicht gespeichert. Wer die Website von advokatur-graf.ch besucht hinterl\u00e4sst somit keine Datenspuren.<\/p>\n\n\n\n<p>Die Advokatur Graf als Betreiber von advokatur-graf.ch lehnt jede Verantwortung daf\u00fcr ab, dass die mit seiner Website verlinkten Websites von Dritten datenschutzkonform sind. Die Nutzung von externen Links ab der Website advokatur-graf.ch erfolgt auf eigene Verantwortung.<\/p>\n\n\n\n<div style=\"height:20px\" aria-hidden=\"true\" class=\"wp-block-spacer\"><\/div>\n\n\n\n<p>5. &nbsp; &nbsp; &nbsp; Rechte von betroffenen Personen<\/p>\n\n\n\n<hr class=\"wp-block-separator has-alpha-channel-opacity\"\/>\n\n\n\n<p>Betroffene Personen haben insbesondere das Recht auf Auskunft der \u00fcber sie bearbeiteten Personendaten und den Zweck der Datenbearbeitung (Art. 25 DSG), das Recht auf Berichtigung sowie auf L\u00f6schung oder Einschr\u00e4nkung der Bearbeitung ihrer Personendaten (Art. 32 DSG), das Recht, der Bearbeitung zu widersprechen, das Recht auf Ergreifung eines Rechtsbehelfes bei einer zust\u00e4ndigen Aufsichtsbeh\u00f6rde (Eidg. \u00d6ffentlichkeits- und Datenschutzbeauftragter, ED\u00d6B) sowie auf Herausgabe bzw. \u00dcbertragung der von ihr eingelieferten Personendaten (Art. 28 und 29 DSG). Zu beachten ist, dass f\u00fcr diese Rechte Voraussetzungen und Ausnahmen gelten. Soweit rechtlich zul\u00e4ssig oder erforderlich, kann die Advokatur Graf Anfragen zur Aus\u00fcbung dieser Rechte ablehnen. Zudem m\u00fcssen Personendaten allenfalls trotz Aufforderung zur L\u00f6schung oder Einschr\u00e4nkung der Bearbeitung aus rechtlichen Gr\u00fcnden weiter aufbewahrt oder bearbeitet werden.<\/p>\n\n\n\n<p>Bei Gesuchen betreffend die Wahrnehmung von Rechten durch die betroffene Person finden auf die Bearbeitung von Personendaten die Grunds\u00e4tze der Bearbeitung von Personendaten von Klientinnen und Klienten (vgl. oben Ziff. 2) Anwendung.<\/p>\n\n\n\n<div style=\"height:20px\" aria-hidden=\"true\" class=\"wp-block-spacer\"><\/div>\n\n\n\n<p>6. &nbsp; &nbsp; &nbsp; Ansprechstelle f\u00fcr Datenschutzfragen bei der Advokatur Graf<\/p>\n\n\n\n<hr class=\"wp-block-separator has-alpha-channel-opacity\"\/>\n\n\n\n<p>Die Gesamtverantwortung f\u00fcr den Datenschutz der Advokatur Graf liegt bei der Advokatur Graf. Betroffene Personen k\u00f6nnen in Datenschutzfragen schriftlich \u00fcber folgende Adresse Kontakt aufnehmen (telefonische Anfragen in Sachen Datenschutz werden nicht bearbeitet):<\/p>\n\n\n\n<div style=\"height:74px\" aria-hidden=\"true\" class=\"wp-block-spacer\"><\/div>\n\n\n\n<hr class=\"wp-block-separator has-alpha-channel-opacity\"\/>\n\n\n\n<p><strong>Advokatur Graf<br><\/strong>Burgergasse 23<br>3400 Burgdorf<br>kontakt@advokatur-graf.ch<\/p>\n<\/div>\n<\/div>\n","protected":false},"excerpt":{"rendered":"<p>Datenschutzerkl\u00e4rung 1. &nbsp; &nbsp; &nbsp; Allgemeines Mit den nachfolgenden Ausf\u00fchrungen zur Datenschutzerkl\u00e4rung werden im Sinne von Art. 19 und 20 des Bundesgesetzes \u00fcber den Datenschutz (DSG) vom 25. September 2020 betroffene Personen und potenziell betroffene Personen \u00fcber die Bearbeitung von Personendaten (namentlich auch \u00fcber die Beschaffung von Personendaten) durch die einfache Gesellschaft Advokatur Graf informiert. [&hellip;]<\/p>\n","protected":false},"author":1,"featured_media":0,"parent":0,"menu_order":0,"comment_status":"closed","ping_status":"closed","template":"","meta":{"footnotes":""},"class_list":["post-131","page","type-page","status-publish","hentry"],"jetpack_sharing_enabled":true,"_links":{"self":[{"href":"https:\/\/advokatur-graf.ch\/index.php?rest_route=\/wp\/v2\/pages\/131","targetHints":{"allow":["GET"]}}],"collection":[{"href":"https:\/\/advokatur-graf.ch\/index.php?rest_route=\/wp\/v2\/pages"}],"about":[{"href":"https:\/\/advokatur-graf.ch\/index.php?rest_route=\/wp\/v2\/types\/page"}],"author":[{"embeddable":true,"href":"https:\/\/advokatur-graf.ch\/index.php?rest_route=\/wp\/v2\/users\/1"}],"replies":[{"embeddable":true,"href":"https:\/\/advokatur-graf.ch\/index.php?rest_route=%2Fwp%2Fv2%2Fcomments&post=131"}],"version-history":[{"count":6,"href":"https:\/\/advokatur-graf.ch\/index.php?rest_route=\/wp\/v2\/pages\/131\/revisions"}],"predecessor-version":[{"id":353,"href":"https:\/\/advokatur-graf.ch\/index.php?rest_route=\/wp\/v2\/pages\/131\/revisions\/353"}],"wp:attachment":[{"href":"https:\/\/advokatur-graf.ch\/index.php?rest_route=%2Fwp%2Fv2%2Fmedia&parent=131"}],"curies":[{"name":"wp","href":"https:\/\/api.w.org\/{rel}","templated":true}]}}